1). Let a(r) = -10*r**2 - 8*r - 15. Let d(q) = 21*q**2 + 16*q + 31. Let j(p) = -7*a(p) - 3*d(p). Is j(b) a prime number?
False
Suppose 9*u - 4*t - 391062 = 0, 0 = -3*u + 5*t - 8*t + 130380. Is u a prime number?
False
Let d = 14376 - -1313. Suppose 3*f - 142 - d = 0. Is f prime?
False
Let g be (-2)/(-8) - (-13)/(-52). Suppose g*m - 5*m - 5855 = 5*c, c = m + 1165. Let t = m - -1647. Is t composite?
False
Suppose -11*x + 14*x - 12 = 0. Suppose 2*p = 7*p + 15, -3*r - x*p = -1299. Is r prime?
False
Let c be 3 - (32/(-1))/(1 + 0). Let y = 38 - c. Suppose -5*v + 5*q = -935, y*q - 207 = -v - q. Is v a composite number?
False
Suppose -4*m + 126 = 114. Suppose -c = 4*x - 30460, -m*x + 12733 = 2*c - 10112. Is x a composite number?
True
Let f = -91777 - -149214. Is f a composite number?
True
Suppose 680468 = 5*s + i, -124734 = -4*s - 2*i + 419644. Is s prime?
True
Let y(d) = -d**3 + 8*d**2 + 5*d + 9. Suppose 0 = -5*u + 34 + 1. Let c be y(u). Suppose 3*n - 4*j - 890 = -c, -787 = -3*n + 2*j. Is n composite?
True
Let q(l) = 60*l**3 + 15*l**2 - 32*l - 85. Is q(12) a prime number?
False
Suppose 5*k = 3*g - 7161113, 4*k = 71*g - 75*g + 9548236. Is g a prime number?
True
Let v = 141134 + -78945. Is v a composite number?
False
Let l = -20029 - -31045. Let h = -3562 + l. Is h a prime number?
False
Let k = 388471 - -146802. Is k a composite number?
False
Let s = 24883 - 16914. Is s composite?
True
Let v be (6 + -6 + -1)*-4. Suppose v*t - 6*t + 1616 = 2*k, -3*t = 4*k - 2425. Is t a composite number?
True
Let y = 18 - -12. Suppose n + 4*l - 9 = -3, 3*l = -5*n + y. Let f(w) = 45*w - 13. Is f(n) a composite number?
False
Let v(h) = -260*h + 666. Is v(-68) prime?
False
Let s = 900 - -1115. Suppose -440 = -5*u - 5*y + s, 1465 = 3*u - y. Is u composite?
True
Suppose 4*o + 98392 = 11*o. Suppose -76*b + 68*b = -o. Is b composite?
True
Let m(v) = 7*v**2 + 14*v - 36. Let f be (3*(-45)/54)/((-1)/2). Is m(f) a prime number?
False
Let p(f) = 83*f**2 - 45*f**2 - f**3 + 19*f + 4*f - 64*f**2 + 13. Is p(-31) prime?
False
Is (-2 + 275623 - -11) + (1 - (-6)/(-1)) composite?
True
Suppose 0 = -17*z + 8*z + 127980. Suppose -y + 5060 + 2053 = l, 2*y + 5*l = z. Is y a composite number?
True
Let n(w) = -6*w + 26. Let o be n(-6). Let u(l) = o*l + 3 - 75*l - 6. Is u(-1) a prime number?
False
Let n(k) = -k**3 + 94*k**2 + 130*k + 227. Is n(90) a composite number?
True
Suppose 0 = 5*s + 5, 3*w + 15 - 5 = -s. Is (7/2 + w)/((-15)/(-244830)) a composite number?
False
Let x(k) be the second derivative of k**4/6 + 4*k**3 + 11*k**2 - k. Let i = -1050 + 1038. Is x(i) prime?
False
Is ((10886119 - 33)/17)/((-2)/(-1)) composite?
False
Suppose 28095 = p - 2*i - 220284, 3*p - 3*i - 745125 = 0. Is p a composite number?
False
Let y be -17830 - (-27)/9 - -6. Is y*4*(30/40 - 1) composite?
True
Let s(i) = -103*i**3 - 4*i - 151*i**3 - 2*i**2 + 253*i**3 - 7. Suppose -4*x - 17 = -0*f + 5*f, -3*x - 4*f - 12 = 0. Is s(x) a prime number?
True
Let i(o) = o**2 + 6*o + 10. Let w be i(-5). Let x(p) = 24*p**3 + 32*p**2 - 5*p + 4. Is x(w) a prime number?
True
Is 55/88 - (-5098261)/56 prime?
False
Let w = -372 - -388. Is (w/7 - 2) + (-161136)/(-112) composite?
False
Let m = -53423 - -165258. Is m a composite number?
True
Let d be (-16620)/40*(-4)/(-6). Let r = 666 + d. Is r a composite number?
False
Let w = 1933 + 1526. Let v = w - 2466. Is v a prime number?
False
Let v be (6/(-4) + 1)*-6 - -11. Let z be (62190/21)/5 - 4/v. Suppose -3*n = -281 - z. Is n composite?
True
Let t(f) be the second derivative of 57*f**5/4 + f**3/6 - f**2/2 + 43*f. Is t(2) a prime number?
True
Let g = 138699 + -77156. Is g composite?
False
Is 289595/7 - 46/(-161) composite?
True
Let m(k) = 597*k - 38. Let o be m(6). Suppose 9*i - 830 = o. Let c = i - -181. Is c composite?
True
Let b(t) = 18*t**2 + 15*t + 19. Let p(q) = -17*q**2 - 16*q - 20. Let m(h) = -2*b(h) - 3*p(h). Is m(-11) a prime number?
False
Suppose 9*z - 2611 = 5*z - 5*u, -u = -5*z + 3242. Suppose -635*o - 280196 = -z*o. Is o a composite number?
True
Suppose 108942 = 4*b - 3*w - 2397650, 0 = -2*b - 4*w + 1253274. Is b a prime number?
False
Let r = -35880 - -63043. Is r a prime number?
False
Let m(g) = -g**3 + 3*g**2 - 16*g - 45. Let p be m(-6). Suppose q + 4*o = -236, 2*o + 537 = -2*q + 7*o. Let w = p + q. Is w a prime number?
False
Suppose 7*b = 10*b - 2*h - 657829, 2*b - 438555 = -h. Is b a composite number?
False
Suppose -1843779 = 28*u - 49*u. Is u prime?
False
Suppose 0 = 12*u - 10*u + 4048. Let f = u + 4951. Is f a prime number?
True
Let x be 3 + (-12)/((-3)/(-1)). Let c be (-52)/65*(0 - x)*-10. Suppose -c*v = 150 - 1126. Is v composite?
True
Let z(o) = 43*o - 11. Let t be 6/(-18)*(2 - (2 - 3)). Let v be (3/(-9))/(((-4)/(-36))/t). Is z(v) prime?
False
Let v be 3626/6 - 4/(-6). Let l = 276 - v. Let d = -78 - l. Is d composite?
False
Suppose -80*k + 11*k + 5552499 = 0. Is k prime?
True
Let y = -5119 - -10508. Is y a prime number?
False
Suppose -4*j + 0 = -12. Suppose -20549 + 4771 = -4*y + j*h, -h = -5*y + 19717. Is y prime?
True
Let y = 2210960 - 1307701. Is y prime?
False
Suppose 2 = 4*w + 3*r - 17, -12 = -2*w - 2*r. Let j(h) = -25*h + 3. Let c be j(w). Is -5650*2/(-44) - 4/c a composite number?
False
Suppose -48*j + 1856850 = 102*j. Is j a composite number?
False
Suppose 4504087 = 43*x - 7*x + 67*x. Is x a prime number?
False
Let y(v) be the first derivative of 13/4*v**4 - 1/2*v**2 - 3 - v**3 - 9*v. Is y(4) a prime number?
False
Let n = 540 + -527. Suppose 257175 = n*i - 56892. Is i a prime number?
False
Let s(n) = 3*n**2 + 3*n - 28*n - 1227 + 1236. Is s(-5) a prime number?
False
Suppose -1329211 = -83*x - 180408. Is x a prime number?
True
Is (-1 - -11670) + (70 - 78)/(2 - 0) prime?
False
Let i = 685616 - 349233. Is i a composite number?
True
Suppose 63*y - 3769655 = 58*y. Is y composite?
False
Suppose 184 = 41*s - 18*s. Suppose -s*q = -3*b - 12*q + 119037, -4*b + 158723 = 3*q. Is b prime?
False
Let k(t) = -t**3 + 8*t**2 - 23*t + 5. Let n be k(17). Let i = 9146 + n. Is i a composite number?
True
Let s = -182 - -182. Let r = 1878 + -1305. Suppose s*l = 2*l + p - 585, r = 2*l - 3*p. Is l a composite number?
True
Suppose 19*n = -15*n - 27506. Suppose 1388 - 288 = -2*g. Let l = g - n. Is l a prime number?
False
Let w(q) be the third derivative of -q**4/24 + 3*q**3/2 + 6*q**2. Let z be w(-6). Is (11*2/4)/(z/90) prime?
False
Let h = -7 - -12. Let o = -687 - -690. Suppose 0*a = -a - h, 973 = o*j + 4*a. Is j a composite number?
False
Suppose 15*s + 223848 = 19*s - 5*k, 0 = 5*s + 2*k - 279843. Is s prime?
True
Suppose 4*w = -h + 5*w + 2865, 5*w - 8571 = -3*h. Let f = h + -1166. Suppose y + 6481 = 4*b, b + 2*y + 87 = f. Is b composite?
False
Let b be -99*6/(-16) + (-1)/8. Let z = 419 - b. Is z a composite number?
True
Suppose 29*j = -143 + 27. Let x(d) = -2732*d - 129. Is x(j) a prime number?
True
Let q(a) = 1486*a**3 - 5*a**2 + a - 3. Let i be q(-3). Is (i/(-35))/(6/20) a prime number?
False
Suppose 2*a + 3*a - 5*s - 35 = 0, 4 = a + 2*s. Suppose 5*b = 2*y + 129341, -3*b + a*b + 3*y = 77592. Is b composite?
False
Suppose 3*f + 10*r = 12*r + 39661, 2*f = 5*r + 26459. Is f a prime number?
True
Suppose -112*c = 188*c - 19070575 + 2783275. Is c prime?
False
Suppose 241*s - 11461938 - 79518695 = 0. Is s composite?
False
Let i = 487402 - 260151. Is i a composite number?
False
Let o(y) = -380*y - 37. Let j be o(-22). Let a = j + -3176. Is a prime?
True
Suppose 81 = -8*b + 265. Let n = b + -15. Is 2*(-4)/(n/(-419)) a prime number?
True
Let s be (50/(-70))/(1/(-7)). Suppose 21097 = 4*j + 5*x, -5*j + 15814 = -2*j - s*x. Is j a composite number?
False
Suppose -60*h - 130079 = -66*h + 376195. Is h composite?
True
Let g = -26908 + 18346. Let x = -6083 - g. Is x a composite number?
True
Let h(f) be the third derivative of f**6/120 + 19*f**5/60 + 3*f**4/8 - 7*f**3/2 + 3629*f**2. Let a be 2/7 - (-256)/(-14). Is h(a) composite?
True
Let r be -444 + (-1)/((-6)/18). Let h = 8510 + r. Is h composite?
False
Suppose -10*t + 51859 = -20831. Is t a prime number?
False
Suppose 93*n + 18390 = 96*n. Suppose -9107 = -9*t + n. Is t a prime number?
True
Let t(d) = 2*d**3 + 19*d**2 - 8*d + 12. Let r be t(-10). Let i(j) = -2077*j - 21. Is i(r) a composite number?
True
Suppose -4*m + 278475 - 38632 = -a, -119914 = -2*m 